+ s(y). Let a(w) = 3*w - 18. Let f(r) = -a(r) - 4*z(r). Give f(-6).
8
Let n(c) = 2*c**2 - 1. Let b be n(1). Let d(u) = -4*u - u - b - u. Calculate d(-1).
5
Let u(t) = t**3 - 4*t**2 + 3. Let y(v) = v**3 - 12*v**2 + 20*v + 4. Let d be y(10). Determine u(d).
3
Let h(n) be the third derivative of n**6/120 + 3*n**5/20 - 11*n**3/6 - 6*n**2. What is h(-9)?
-11
Let a(n) be the first derivative of n**2/2 - 9*n - 8. Let p = 0 - 0. Determine a(p).
-9
Let u be 0/(-2) + 0 + -1. Let t = u + 4. Let x(k) = -t - k**2 - 2*k + 0*k**3 - 2*k**2 - k**3. What is x(-3)?
3
Let y(j) be the third derivative of 2*j**2 + 1/6*j**3 + 0 + 0*j + 1/12*j**5 - 1/24*j**4. What is y(1)?
5
Let h(z) = z + 5. Suppose 2*v - 10 = 34. Suppose -5*n + 0*s - 2*s = v, -17 = 5*n - 3*s. Give h(n).
1
Let k(d) be the first derivative of -d**2 + 2*d + 2. Let x(y) = -y + 7. Let g be x(9). Let h be (-3 - 1 - g) + -1. Calculate k(h).
8
Let l(b) = -10*b + 4*b**2 - b**2 - b**3 + 8*b. Suppose 3*p - 15 = -0. Suppose 1 + 14 = p*f. Give l(f).
-6
Suppose 3*y - 7 = 2. Let x(g) = 7*g + 2*g**2 - g**3 + 1 - y*g**2 - 4*g. Let t be (12/9)/((-6)/9). Determine x(t).
-1
Let y(o) = 6*o**2 + 20*o + 5. Let i(j) = -2*j**2 - 7*j - 2. Let g = 23 + -15. Let d(u) = g*i(u) + 3*y(u). Suppose 2 - 17 = 5*t. Calculate d(t).
5
Suppose -3*a = -8*a. Let q be 7/(-2)*20/(-35). Let h(d) = -7*d**q + 13*d**2 + 4 - d**2 - d - 6*d**2. Give h(a).
4
Let m(k) = -6*k + 30. Let g be m(6). Let y(z) = -z - 6. Calculate y(g).
0
Let m(g) = g - 5. Let x be m(4). Let z(f) = -3*f + 1. Determine z(x).
4
Let r(h) = -h**3 + 5*h**2 + 8*h - 8. Let d be r(6). Suppose -2 = -c - d. Let g(t) = t**3 + t**2 - t - 1. What is g(c)?
-3
Let x(y) = 14*y**3 + 9*y**2 - 9*y - 11. Let m(i) = -5*i**3 - 3*i**2 + 3*i + 4. Let w(a) = 17*m(a) + 6*x(a). Give w(3).
-7
Let i(c) = -c**2 - c. Let p(j) = j + 5. Let k be p(-3). Suppose -3*s - 3*h - 24 = 0, -h + k = 5. Let g be 13/s + (-2)/5. Calculate i(g).
-6
Suppose -5*c - 4 - 11 = 0. Let m(k) = -2*k**2 - 5*k + 3. Let o(s) = s**2 + 2*s - 2. Let q(i) = -4*m(i) - 7*o(i). Calculate q(c).
-7
Suppose 3*a + 2 = 4*a. Let l(o) = 0*o**a + 6*o**2 - 66*o + 64*o + o**3 - 8. Give l(-6).
4
Let j(o) = -13*o**3 + 17*o**2 + 25*o - 9. Let b(k) = 3*k**3 - 4*k**2 - 6*k + 2. Let s(w) = -9*b(w) - 2*j(w). Let r be (-12)/(-16)*(3 - -1). Determine s(r).
3
Suppose -3*o - 120 = -8*o. Suppose u - o = -3*u. Let i(n) = -n - 4. Give i(u).
-10
Let z(b) = -b**2 - 12*b. Let h be z(-12). Let o(v) be the third derivative of -1/6*v**4 - v**2 + h*v + 0 - 1/3*v**3 - 1/20*v**5. Give o(-2).
-6
Let b(p) = p**2 - 7*p + 7. Let h be ((-6)/4)/(5/(-10)). Suppose -d - h - 3 = 0. Let m(t) = -t**3 - 5*t**2 + 6*t + 6. Let s be m(d). Determine b(s).
1
Let f(s) be the second derivative of s**3/6 - 3*s**2 - 30*s. Suppose -2*h = -4 - 8. Give f(h).
0
Suppose -2*j - 3*v = -5, 3*j + 5*v - 7 = -0*v. Let n(d) = -2 + d + 1 + 0*d + j*d**2. Let f be 1/2*(3 + -1). Calculate n(f).
4
Let j = -54 + 49. Let v(f) = 2 + 0 - 7 + 7*f. Let w(q) = q - 1. Let b(u) = v(u) - 6*w(u). Calculate b(j).
-4
Let o(x) be the first derivative of 7*x**4/2 - x**3/3 - x**2/2 - x - 7. Give o(-1).
-15
Let c(s) = s + 3. Suppose -2*a + a + 6 = 0. Suppose k - 50 = a*k. Let x be 23/5 - k/25. Calculate c(x).
8
Let g be ((-1)/(-2))/(1/(-2)). Let o(m) = 5*m**2 + m. What is o(g)?
4
Let u(w) = -w - 4. Let j = -16 + 13. What is u(j)?
-1
Let r(k) = 5*k**3 + 10*k**2 + 5*k - 3. Let d(h) = 2*h**3 - 14*h**2 + 19*h**2 + 1 + 2*h - 2. Let q = 0 - 3. Let n(y) = q*r(y) + 7*d(y). What is n(5)?
-3
Let a(k) = -k + 7. Let g(m) = -2*m + 12. Let q(z) = -5*a(z) + 3*g(z). Determine q(-3).
4
Let x(m) = 13*m + 13. Let c(i) = -19*i - 19. Let q(s) = -5*c(s) - 7*x(s). Calculate q(-3).
-8
Let y = 15 - 13. Suppose 3*g - 9 = -3*a, 12 = 4*g + y*a + 3*a. Let b(h) = 2*h**2 - 5*h + 4. What is b(g)?
7
Suppose 4*p + 0*p + 3*n = 50, n = -5*p + 57. Let z be (-2)/(-11) + (-46)/p. Let c(g) = -g - 1. What is c(z)?
3
Let b(h) = h**2 + 6*h - 6. Let s be ((-2)/(-3))/((-2)/24) - -2. Determine b(s).
-6
Let r be (1/(-2))/((-1)/26). Suppose 3*q + 1 = r. Let g(f) = -f**2 + 5*f - 10. Let z(v) = v**2 - 5*v + 9. Let t(x) = -5*g(x) - 6*z(x). Give t(q).
0
Let z(m) = -2*m + 4. Let d be 12*(3 - (-17)/(-4)). Let h be (-1)/3*d/1. What is z(h)?
-6
Let i(h) = 5*h - 8 - 25*h**2 + 26*h**2 + 5. Suppose -3*l - 4*c = 18, -3*l = -0*c + c + 18. Give i(l).
3
Let y(u) = u**2 - u - 4. Let w = 8 - 5. Suppose 5*s + w*t + 2*t = 25, 0 = -t + 5. What is y(s)?
-4
Let n be (3 + -1)*(-3)/(-2). Suppose -8 = -c - n*g, c + 6*g = 2*g + 12. Let s(k) = k - 1. Let v(p) = 4*p + 3. Let x(o) = 3*s(o) - v(o). Determine x(c).
-2
Let h(b) = b**2 + 6*b + 2. Suppose j + 11 + 1 = -k, -5*j = -4*k + 15. What is h(j)?
9
Let j(f) be the first derivative of -4 + 3/2*f**2 - 2*f. What is j(2)?
4
Let l be 110/11 - 1*4. Let r(n) = -n**2 + 6*n. Determine r(l).
0
Let p = 26 - 19. Let y(o) = -p*o**2 - 2 + 4 + 6*o**2 + 5*o. Determine y(5).
2
Let t(y) = -2*y + 2. Let p be 5/((-5)/4) - (1 - 0). Give t(p).
12
Let u(k) = 1 - 6*k**3 + 33*k - 33*k. Determine u(1).
-5
Let q be (-5)/(-20) + 30/8. Suppose i + 3*i + q = 0. Let h be i*(5 - 2) + 9. Let v(d) = -d**3 + 5*d**2 + 5*d + 5. What is v(h)?
-1
Let n = 11 - 9. Let i(m) = -m**2 - 6*m - 2. Let x be i(-3). Let v(u) = -u - u - 6*u**n + x*u**2. Determine v(2).
0
Let i(r) = -r**2 - 2*r + 3. Let h be i(-3). Let t(q) = -q**3 - q**2 - q - 12. Give t(h).
-12
Suppose -4*c - 4 = -4*f + 4, 4*c + f - 12 = 0. Let l(m) = 2*m**3 - 3*m**2 + m. Determine l(c).
6
Let w(i) be the second derivative of i**5/5 + 13*i. What is w(-1)?
-4
Let a(w) = w**3 + w**2 - w + 14. Let c(o) = 2*o**2 + 17*o + 30. Let f be c(-6). Determine a(f).
14
Let n(y) be the first derivative of -9*y**2/2 + 11*y - 3. Let m(g) = -4*g + 5. Let v(b) = -5*m(b) + 2*n(b). What is v(2)?
1
Let t(j) be the third derivative of -j**4/8 - j**3/6 + 3*j**2. Let d be -1 - 5/((-15)/9). Determine t(d).
-7
Let a(h) = -h + 1. Let r(v) = 3*v**3 - v**2 - 2*v + 8. Let x(w) = 6*a(w) - r(w). Let o(k) = 2*k**3 + 2*k + 1. Let b(g) = -5*o(g) - 3*x(g). Determine b(-3).
-5
Let l(s) = 4*s + 7. Let c(d) = d - 1. Let w(b) = -3*c(b) + l(b). Give w(0).
10
Let b be (1 + 7/(-4))*-2. Let w(g) be the first derivative of b*g**2 + g - 1. Give w(-1).
-2
Let l(m) = -m**2 + 2. Let a = -15 - -18. What is l(a)?
-7
Let o = 1 - -4. Let c(t) = -t + o*t + 3 - 4 - t**2. Let v = 3 - -2. Calculate c(v).
-6
Suppose 0 = -3*p + 15. Let j be (p/3)/((-6)/18). Let m(q) = -2*q + 3. What is m(j)?
13
Let s(t) = t**3 + 11*t**2 - 6*t + 6. Let p(j) = j**3 + 6*j**2 - 3*j + 3. Let q(b) = 5*p(b) - 3*s(b). Let v(f) = -f. Let r be v(-2). Calculate q(r).
7
Let w = 2 + 5. Let f(g) = 56*g + 46. Let z(p) = -10*p - 9. Let s(q) = 2*f(q) + 11*z(q). Calculate s(w).
7
Let h = 14 + -15. Let y(t) = -8*t - 2. Let w be -2 + 17 + (-4)/2. Let p(s) = 4*s + 1. Let k(g) = w*p(g) + 6*y(g). What is k(h)?
-3
Let y(m) = -3*m - 2. Let p(q) be the second derivative of 0*q**2 + 2*q + 0 + 1/6*q**3. Let x(d) = 4*p(d) + y(d). Determine x(-4).
-6
Suppose 0 = -4*h + 7 - 39. Let m(y) = 3*y + 1. Let q(u) = 2*u + 1. Let b(t) = -3*m(t) + 4*q(t). Let d(v) = 6*v - 6. Let i(g) = h*b(g) - d(g). What is i(4)?
6
Let w(q) = 154*q + 5 - 152*q + 1. Give w(-5).
-4
Let z(l) = -l**2 - 19 - l + 16 + l**3 + 0*l - l**2. What is z(3)?
3
Let o(u) = 2*u + 6. Let m be 9/(10/4 - 2 - 2). Determine o(m).
-6
Let k(l) = 2*l - 2 + 5*l**2 - 2*l**3 + l**3 - 1. Let i be 1 - 2*(-3)/6. Let z(d) = 3*d - 1. Let m be z(i). Determine k(m).
7
Let n = -3 + 8. Suppose 4*g + 6 = n*g. Let m(b) = b + 4. What is m(g)?
10
Let q = 3 + -2. Let p be 3 + -2*q/2. Let x(b) = -2*b - 7*b**3 - 4*b**3 + p*b - 1 + 2*b**2. Give x(1).
-10
Let r(h) = -41*h + 87*h - 48*h + 9. Calculate r(6).
-3
Let k(v) be the second derivative of -5*v**4/6 - v**3/3 - v**2/2 + v. Suppose 3*u + 22 = -5*b, b = 3*b - u. Let a = 1 + b. Give k(a).
-9
Let a(d) = d**3 - 7*d**2 - 8*d - 3. Let g be (-57)/(-6) - 6/4. Let s be a(g). Let u be (-6)/s*(-3)/6. Let q(o) = 4*o**3 + o**2 + o + 1. What is q(u)?
-3
Let r(l) = 8*l**2 - l + 1. Let o(q) = 4*q - 10. Let p be o(7). Suppose -z = -0*z - 5*m + p, -3*m = 3*z - 18. Let f be (z/3)/(4/6). Give r(f).
8
Suppose -3*z = -0*z - 9. Let b(v) = -6*v**2 - 11*v + 5*v - 2*v**3 - 3 + v**z. Give b(-5).
2
Let i(v) = v**2 + 4*v + 1. Let p = -2 + -6. Let l = 3 + p. Give i(l).
6
Let 